f 5316?
1
What is the hundreds digit of 81193?
1
What is the units digit of 39?
9
What is the tens digit of 528?
2
What is the thousands digit of 1949?
1
What is the hundreds digit of 104?
1
What is the thousands digit of 2014?
2
What is the hundreds digit of 1595?
5
What is the tens digit of 621?
2
What is the tens digit of 6466?
6
What is the tens digit of 819?
1
What is the ten thousands digit of 43901?
4
What is the hundreds digit of 45072?
0
What is the tens digit of 15932?
3
What is the hundreds digit of 12734?
7
What is the hundreds digit of 69616?
6
What is the tens digit of 29922?
2
What is the tens digit of 22550?
5
What is the tens digit of 24270?
7
What is the units digit of 7863?
3
What is the hundreds digit of 31380?
3
What is the tens digit of 1107?
0
What is the ten thousands digit of 15162?
1
What is the tens digit of 6466?
6
What is the units digit of 9080?
0
What is the thousands digit of 5752?
5
What is the thousands digit of 59760?
9
What is the hundreds digit of 889?
8
What is the hundreds digit of 1050?
0
What is the hundreds digit of 1038?
0
What is the thousands digit of 36855?
6
What is the tens digit of 5123?
2
What is the units digit of 155?
5
What is the hundreds digit of 1055?
0
What is the hundreds digit of 7035?
0
What is the hundreds digit of 15141?
1
What is the tens digit of 874?
7
What is the units digit of 2662?
2
What is the units digit of 64?
4
What is the units digit of 6593?
3
What is the tens digit of 4678?
7
What is the units digit of 6016?
6
What is the ten thousands digit of 23157?
2
What is the tens digit of 68?
6
What is the units digit of 55490?
0
What is the tens digit of 833?
3
What is the thousands digit of 7215?
7
What is the tens digit of 124735?
3
What is the units digit of 9199?
9
What is the tens digit of 32?
3
What is the hundreds digit of 512?
5
What is the thousands digit of 104403?
4
What is the tens digit of 488?
8
What is the units digit of 8681?
1
What is the hundreds digit of 1011?
0
What is the units digit of 1611?
1
What is the tens digit of 1019?
1
What is the units digit of 21577?
7
What is the hundreds digit of 39027?
0
What is the tens digit of 646?
4
What is the hundreds digit of 79977?
9
What is the hundreds digit of 2300?
3
What is the tens digit of 5937?
3
What is the tens digit of 2386?
8
What is the units digit of 59?
9
What is the thousands digit of 1990?
1
What is the units digit of 19223?
3
What is the hundreds digit of 28252?
2
What is the hundreds digit of 29390?
3
What is the hundreds digit of 3717?
7
What is the tens digit of 993?
9
What is the tens digit of 5107?
0
What is the units digit of 6526?
6
What is the tens digit of 6192?
9
What is the thousands digit of 1871?
1
What is the hundreds digit of 1643?
6
What is the tens digit of 1487?
8
What is the tens digit of 23728?
2
What is the tens digit of 4334?
3
What is the tens digit of 18088?
8
What is the hundreds digit of 61772?
7
What is the hundreds digit of 242?
2
What is the ten thousands digit of 88111?
8
What is the units digit of 79582?
2
What is the units digit of 2311?
1
What is the ten thousands digit of 47458?
4
What is the units digit of 47346?
6
What is the hundreds digit of 788?
7
What is the tens digit of 2408?
0
What is the units digit of 1421?
1
What is the thousands digit of 22302?
2
What is the units digit of 1180?
0
What is the tens digit of 1942?
4
What is the tens digit of 5521?
2
What is the ten thousands digit of 20731?
2
What is the thousands digit of 4948?
4
What is the hundreds digit of 818?
8
What is the ten thousands digit of 10482?
1
What is the hundreds digit of 2396?
3
What is the hundreds digit of 3668?
6
What is the thousands digit of 3718?
3
What is the hundreds digit of 2679?
6
What is the tens digit of 900?
0
What is the thousands digit of 28432?
8
What is the hundreds digit of 896?
8
What is the tens digit of 2592?
9
What is the hundreds digit of 1248?
2
What is the thousands digit of 25072?
5
What is the thousands digit of 17064?
7
What is the hundreds digit of 303?
3
What is the units digit of 414?
4
What is the units digit of 1219?
9
What is the tens digit of 24380?
8
What is the hundreds digit of 1829?
8
What is the hundreds digit of 949?
9
What is the thousands digit of 2379?
2
What is the units digit of 8887?
7
What is the units digit of 4546?
6
What is the ten thousands digit of 27082?
2
What is the tens digit of 5183?
8
What is the thousands digit of 9670?
9
What is the hundreds digit of 2700?
7
What is the hundreds digit of 14713?
7
What is the units digit of 3768?
8
What is the thousands digit of 52109?
2
What is the hundreds digit of 70918?
9
What is the hundreds digit of 1193?
1
What is the tens digit of 8558?
5
What is the ten thousands digit of 11386?
1
What is the tens digit of 1450?
5
What is the units digit of 93064?
4
What is the ten thousands digit of 24031?
2
What is the hundreds digit of 5689?
6
What is the hundreds digit of 1082?
0
What is the units digit of 378?
8
What is the hundreds digit of 580?
5
What is the hundreds digit of 20787?
7
What is the hundreds digit of 3127?
1
What is the tens digit of 912?
1
What is the units digit of 863?
3
What is the tens digit of 797?
9
What is the units digit of 502?
2
What is the thousands digit of 28968?
8
What is the tens digit of 1146?
4
What is the tens digit of 7759?
5
What is the tens digit of 2283?
8
What is the units digit of 24299?
9
What is the hundreds digit of 601?
6
What is the thousands digit of 19733?
9
What is the hundreds digit of 695?
6
What is the hundreds digit of 816?
8
What is the thousands digit of 1165?
1
What is the tens digit of 64791?
9
What is the units digit of 479?
9
What is the tens digit of 106594?
9
What is the thousands digit of 179035?
9
What is the tens digit of 20695?
9
What is the tens digit of 267?
6
What is the thousands digit of 27091?
7
What is the tens digit of 18085?
8
What is the hundreds digit of 3240?
2
What is the hundreds digit of 855?
8
What is the hundreds digit of 557?
5
What is the hundreds digit of 505?
5
What is the thousands digit of 89657?
9
What is the ten thousands digit of 21294?
2
What is the hundreds digit of 22543?
5
What is the units digit of 95?
5
What is the tens digit of 9700?
0
What is the thousands digit of 1185?
1
What is the thousands digit of 24495?
4
What is the tens digit of 12973?
7
What is the ten thousands digit of 44633?
4
What is the thousands digit of 7489?
7
What is the hundreds digit of 1061?
0
What is the thousands digit of 1134?
1
What is the hundreds digit of 1311?
3
What is the ten thousands digit of 50805?
5
What is the tens digit of 1459?
5
What is the hundreds digit of 7758?
7
What is the hundreds digit of 25269?
2
What is the tens digit of 21225?
2
What is the hundreds digit of 1050?
0
What is the thousands digit of 135553?
5
What is the units digit of 1250?
0
What is the units digit of 996?
6
What is the units digit of 9007?
7
What is the units digit of 619?
9
What is the hundreds digit of 471?
4
What is the hundreds digit of 1173?
1
What is the hundreds digit of 3009?
0
What is the tens digit of 51?
5
What is the ten thousands digit of 10492?
1
What is the tens digit of 1706?
0
What is the thousands digit of 1988?
1
What is the units digit of 2321?
1
What is the ten thousands digit of 167858?
6
What is the hundreds digit of 1274?
2
What is the units digit of 55583?
3
What is the tens digit of 897?
9
What is the tens digit of 30?
3
What is the units digit of 930?
0
What is the thousands digit of 8137?
8
What is the ten thousands digit of 34760?
3
What is the hundreds digit of 5656?
6
What is the tens digit of 550?
5
What is the tens digit of 19489?
8
What is the units digit of 35466?
6
What is the hundreds digit of 99704?
7
What is the units digit of 3813?
3
What is the ten thousands digit of 37003?
3
What is the hundreds digit of 14548?
5
What is the thousands digit of 3015?
3
What is the hundreds digit of 2806?
8
What is the tens digit of 211?
1
What is the hundreds digit of 13726?
7
What is the ten thousands digit of 22205?
2
What is the tens digit of 3939?
3
What is the tens digit of 114699?
9
What is the thousands digit of 99753?
9
What is the units digit of 21703?
3
What is the tens digit of 22559?
5
What is th